 Suppose -2*c = 2*k + 22, -5*c - 43 = 4*k + 5. Calculate t(k).
-2
Let i(u) be the second derivative of -u**4/3 - 3*u + 2. Suppose -5*n + 14*f - 5 = 9*f, -2*f + 8 = -5*n. Give i(n).
-16
Let i(o) = -159*o + 957. Let q be i(6). Let w(p) be the first derivative of 16 + q*p**2 - 9*p + 8/3*p**3 + 1/4*p**4. Calculate w(-7).
-2
Let r = -3 - -17. Let i = -8 + r. Let f(q) be the second derivative of q**5/20 - 5*q**4/12 - q**3/6 - 3*q**2/2 - 49*q - 6. What is f(i)?
27
Let d(v) be the second derivative of -3/2*v**2 + 0 + 1/6*v**3 - 21*v. What is d(6)?
3
Suppose 0 = 5*r + 56 - 41. Let f(s) = -s**3 - 2*s**2 - 5*s + 8. Let m(b) = -b**2 + b - 1. Let p(c) = r*m(c) - f(c). Calculate p(-4).
3
Suppose -34*f + 30*f = -16, -52 = 2*i - 5*f. Let u(a) = -2*a - 37. Determine u(i).
-5
Let s(c) = c**2 - 6*c + 2. Let m(r) = 19*r**2 + 19*r - 2. Let n be m(-2). Let l(z) = z**3 - 7*z**2 - 2*z + 6. Let v be l(7). Let w be v/2 + n/3. What is s(w)?
18
Let q(h) = -h + 1. Let p = -71 + 103. Suppose 5*v + 12 - p = 0. Suppose x + 19 - 1 = -3*y, v*x = y - 7. Give q(y).
6
Let p(n) = 3*n**2 - 8*n - 15. Let a(w) = 10*w**2 - 24*w - 46. Let t(o) = -2*a(o) + 7*p(o). Let s(b) = 133*b + 43. Let z be s(-7). Let m = z + 898. Give t(m).
7
Let l(t) be the first derivative of -t**2 + 3*t - 1402. Let h(y) = 3*y**2 - y + 1. Let o be h(1). Determine l(o).
-3
Let t be 24/(-264) + (-68)/(-22). Let q(l) = l**2 + 4*l + t*l - 11002 + 11001. Determine q(-7).
-1
Suppose -j - 21 = -3*b - 2*b, 0 = -3*b + 15. Let n(d) = 1. Let z(u) = -u - 12. Let g(p) = j*n(p) + z(p). Let w = 1632 + -1637. Determine g(w).
-3
Let y be 1/(-4) + 455/364 + 3. Let l(s) = s**3 - 3*s**2 - 5*s + 4. Calculate l(y).
0
Let z be 9 + (5 + -30)/5. Let r(l) = 2*l**3 - 7*l**2 + 7*l + 56. Let g(t) = t**3 - 4*t**2 + 4*t + 28. Let y(j) = z*r(j) - 7*g(j). Give y(0).
28
Let l(c) = -2*c**2 + 15*c - 5. Let x = -2121 + 2131. Calculate l(x).
-55
Let t(m) = -3*m**2 - 4*m + 9. Let c = -142 - -144. Let d(w) = 4*w**2 + 3*w - 10. Let b(l) = c*d(l) + 3*t(l). Calculate b(-8).
-9
Let v be (-70)/(-10)*(4 + -3). Let x(l) = -l**3 + 9*l + 3 + v - 7*l**2 - 15 + 2*l**3. Determine x(6).
13
Let h be (52 + -43)/((-2)/4) + 7. Let u(w) = w**2 + 15*w + 64. Calculate u(h).
20
Let u(h) = 2*h - 9. Let l = -551 - -587. Let x be (-5 - -2)/(-6) + l/8. What is u(x)?
1
Suppose 5*j - 16 = 2*n, -25 = -5*j + 3*n + 2*n. Suppose -3*b = -b, -j*s = 5*b - 8. Let h(l) = -4*l + 4*l + l. Calculate h(s).
4
Let p(z) = -38*z - 31. Let b(l) = 27*l + 22. Let i(c) = 7*b(c) + 5*p(c). Let m be (0 - 0) + 1 + 8. What is i(m)?
-10
Let n(o) = -32 + o - 39 + 3 + 22 + 19. Suppose 26 + 19 = 5*q. Determine n(q).
-18
Let v(f) = 13*f**3 + 16*f**2 - 55*f - 21. Let l(n) = -17*n**3 - 21*n**2 + 73*n + 27. Let p(b) = 10*l(b) + 13*v(b). What is p(-4)?
-31
Let d(c) = 2*c - 17. Let m(z) = z**2 - 8*z - 16. Let g be m(10). Suppose 26 = 3*q + i, 5*i - 29 = -g*q + 24. Give d(q).
-3
Let u(r) be the second derivative of -r**3/3 - 49*r**2/2 + 72*r. Calculate u(-24).
-1
Let c(z) be the third derivative of -3*z**4/8 + 10*z**3/3 - 3*z**2 - 4*z + 97. What is c(-3)?
47
Let v(x) = x**3 + 5*x**2 + 3*x - 3. Suppose -21 = -y + 31. Let n = -52 + y. Suppose 9*a - 14*a - 15 = n. Give v(a).
6
Let p(k) = -5*k**2 - 60*k - 100. Let x be p(-10). Let n(g) = 2*g**2 - g + 6. Give n(x).
6
Let k(q) = q**3 - 6*q**2 + 5*q. Let a be (6/3)/(-2) - (239 + -5). Let t = a - -241. Calculate k(t).
30
Let u(p) = -p**2 + 15*p - 26. Let m(r) = -r**2 - 31*r - 210. Let y be m(-12). Determine u(y).
-80
Let m(x) = x**2 - 3*x + 7. Suppose -4*i - 3*i = -77. Suppose -i*n + 7*n + 24 = 0. Give m(n).
25
Let q(u) = -3*u**2 + 13*u - 10. Let a(b) = 3*b**2 - 11*b + 9. Let l(s) = 5*a(s) + 4*q(s). What is l(3)?
23
Let p(y) = 2*y**3 + 3*y**2 - 2*y - 4. Let o be p(-2). Let z(m) = 38*m + 1. Let w(s) = 430*s + 12. Let u(i) = -3*w(i) + 34*z(i). Give u(o).
-10
Let u(c) = -25*c**3 - 13*c**2 + 8. Let o(g) = -28*g**3 - 11*g**2 + 9. Let y(q) = -8*o(q) + 9*u(q). Calculate y(-29).
0
Let z(r) = -27 + 174*r + 167*r + 2*r**2 + 172*r + 183*r - 639*r. What is z(-29)?
2
Let b(d) = -4*d**2 + d + 1. Suppose -i + 62 - 20 = 5*s, -18 = -3*s + 3*i. Suppose -5*a = -2*a + 15, 0 = -2*c - 4*a - s. Suppose u - 5 = c*u. Determine b(u).
-4
Let o(n) be the second derivative of -7*n**4/3 - n**3/2 + 17*n**2/2 + 76*n. Let h(u) = 15*u**2 + 2*u - 9. Let w(i) = 11*h(i) + 6*o(i). Calculate w(-3).
-36
Let l(r) = 3*r**3 + 7*r**2 + 2*r + 15. Suppose 0 = 50*t - 35*t - 30. Let y(h) = -4*h**3 - 4*h**2 - 2*h - 15. Let o(x) = t*y(x) + 3*l(x). Determine o(-13).
-11
Let i(c) be the third derivative of 0 - 2/3*c**3 - 5*c - 1/60*c**5 - 1/24*c**4 + 3*c**2. Calculate i(-4).
-16
Let y = -317 + 302. Let k be (y/20)/(140/(-64) + 2). Let z(a) = 8*a - 6. What is z(k)?
26
Let z(c) be the second derivative of 7*c**6/720 + c**5/40 - 193*c**4/12 + 190*c. Let m(b) be the third derivative of z(b). Give m(-6).
-39
Let r(t) be the third derivative of 0 - 1/60*t**6 + 19*t**2 - 3*t**3 + 0*t + 0*t**4 - 1/120*t**5. Let m(g) be the first derivative of r(g). Calculate m(1).
-7
Let m(c) = 13 - 41 + c**3 + 13*c**2 - 39*c + 38*c - 2*c**3. Calculate m(13).
-41
Let n = -21895 - -21894. Let w(b) = 5*b**3 + 22*b**2 + 21*b. What is w(n)?
-4
Let b(l) = 2*l + 23. Let q(n) = -5*n - 47. Let c(v) = -7*b(v) - 3*q(v). Let t(x) = x**2 + 48*x + 540. Let k be t(-18). Determine c(k).
-20
Suppose -4*p = -5*p - 5. Suppose -4 - 1 = -5*x. Let l(y) = 2*y - 7. Let h(i) = i - 1. Let m(g) = x*l(g) - 4*h(g). What is m(p)?
7
Let b(h) = -2*h**2 + 4*h - 7. Let x(j) = 2*j - 4. Let f(a) = -b(a) + 4*x(a). Determine f(-5).
21
Let u = -17 - -21. Let k(z) = -u + 3 + 2 - z. Let q(w) = -2*w**3 - 12*w**2 + 10*w - 31. Let t be q(-7). What is k(t)?
4
Suppose 15 = -p - 0. Let z = -11 - p. Let q(m) be the third derivative of m**4/8 - 2*m**3/3 - 6*m**2. Determine q(z).
8
Let d be (-5)/(-3) + (-76)/114. Let o(t) = 31*t - 15*t - 14*t - d - t + 6. What is o(-4)?
1
Let i(r) = 11*r + 1. Suppose -2*w - 5 = -4*l - 3, 0 = -4*l - w - 13. Let m(k) = k + 7. Let h be m(l). Suppose -h*q + 8*q = -3. What is i(q)?
-10
Suppose 446*y + 91 + 439 - 84 = 0. Let x(z) = 138*z**3 - 2*z**2 - 3*z - 2. What is x(y)?
-139
Let c(b) = -b - 2. Let s(w) = 4*w + 24. Let n = 65 - 71. Let v(p) = n*c(p) - 2*s(p). Determine v(-15).
-6
Let g(b) = 4*b + 1 - 2*b**3 + 30117143*b**2 - 30117145*b**2 + b**3. Give g(-5).
56
Let u(w) = -2*w**2 - 52*w - 78. Let r be u(-25). Let z be (-2 + r/(-16))*3*8. Let k(y) = -3*y - 7. Calculate k(z).
11
Let h(u) = -3*u + 4. Let t(d) = 4*d - 5. Let y(w) = -5*h(w) - 4*t(w). Suppose -155 = -162*v + 55 - 48. Determine y(v).
-1
Suppose k = -4*k + d + 251, 7*k - 5*d = 355. Let c(q) = -k*q + 91*q - 51*q + q**3 + 10 - 9*q**2. What is c(10)?
10
Let r(l) be the first derivative of -5*l**4/2 - l**2/2 - l - 1. Suppose 0 = 13*d - 4311 + 1685. Let x = -203 + d. What is r(x)?
10
Let g(d) be the first derivative of -9*d**2 + 179*d - 5904. Determine g(10).
-1
Let a = -50 - -50. Let y(o) = o**3 - 2*o**2 + 4*o - 1. Let w(l) = 3*l**3 - 9*l**2 + 15*l + 4. Let g(p) = -w(p) + 4*y(p). Determine g(a).
-8
Let z(j) = 25*j - 130. Let w(a) = -26*a + 73. Let c(s) = -5*w(s) - 6*z(s). Give c(21).
-5
Let c(g) = 12*g - 51. Let x = -6526 + 6530. Calculate c(x).
-3
Let l be -5 - (-188)/36 - 115/(-9). Let y(g) = l*g**3 - 4 - 9*g**3 + 12*g - 12*g**2 - 3*g**3. Calculate y(11).
7
Suppose -28 - 48 = -4*b. Let a(c) = c**2 - 20*c + 21. Let l be a(b). Let s(q) = -23*q**2 + 52*q**2 - 32*q**l + 2*q**3 + 4 - 3*q**3. Determine s(-3).
4
Suppose -14*n + 438 = -87*n. Let b(o) = o**2 + 3*o + 7. Calculate b(n).
25
Let h(l) = -l - 100. Let x(r) = r + 120. Let u(s) = -6*h(s) - 5*x(s). Suppose 0 = 2*q - 2*d + 2, 4*q + 4 - 1 = 3*d. Suppose 3*i + 3 = -q*i. Calculate u(i).
-1
Let d(g) = -5*g**3 + 290*g**2 - g + 77. Let h be d(58). Let c(x) be the second derivative of h*x - 1/6*x**3 + 7/2*x**2 + 0. Calculate c(6).
1
Let y(l) = -l - 1. Suppose a - 4*t - 2 - 20 = 0, -t - 6 = 0. Give y(a).
1
Let b(j) = 478 + 8*j + 6*j + 7*j - 374. Calculate b(-7).
-43
Let j(c) be the first derivative of -c**2 + 10*c - 2. Let m be 1*(100/45 + (-2)/9). Suppose -m*a = -5*b + 25, -5*b = -2*a + a - 30. Give j(b).
-4
Let z(g) = -7*g**2 - 10*g - 9. Let p be z(-1). Let d(l) = l**3 + 4*l**2 - 14*l - 15. Determine d(p).
-3
Suppose -3*i + 5*i - 5*k + 17 = 0, 0 = -i + k - 13. 